rs of 875853?
3, 11, 983
List the prime factors of 3889333.
7, 191, 2909
What are the prime factors of 20234012?
2, 17, 19, 15661
List the prime factors of 3301469.
31, 281, 379
List the prime factors of 14601145.
5, 13, 224633
List the prime factors of 775018.
2, 387509
List the prime factors of 126951.
3, 11, 3847
List the prime factors of 15927298.
2, 109, 73061
List the prime factors of 615738.
2, 3, 41, 2503
What are the prime factors of 412729?
389, 1061
What are the prime factors of 13278409?
991, 13399
What are the prime factors of 1350750?
2, 3, 5, 1801
What are the prime factors of 3079334?
2, 211, 7297
What are the prime factors of 12308945?
5, 11, 163, 1373
List the prime factors of 3077449.
19, 161971
List the prime factors of 6649263.
3, 383, 643
List the prime factors of 232891.
232891
List the prime factors of 430603.
430603
What are the prime factors of 1127035?
5, 7, 13, 2477
What are the prime factors of 7790811?
3, 7, 17, 139, 157
List the prime factors of 709423.
11, 13, 41
List the prime factors of 1482284.
2, 370571
What are the prime factors of 3528419?
41, 2099
What are the prime factors of 303534?
2, 3, 7, 11, 73
What are the prime factors of 16982573?
149, 293, 389
List the prime factors of 11819896.
2, 11, 17, 7901
List the prime factors of 13311330.
2, 3, 5, 443711
What are the prime factors of 2092180?
2, 5, 73, 1433
List the prime factors of 191333.
73, 2621
List the prime factors of 433583.
281, 1543
What are the prime factors of 3972408?
2, 3, 11, 41, 367
List the prime factors of 757924.
2, 89, 2129
List the prime factors of 18932006.
2, 9466003
What are the prime factors of 207187?
207187
List the prime factors of 2092440.
2, 3, 5, 7, 47, 53
List the prime factors of 6191893.
17, 457, 797
List the prime factors of 12043299.
3, 41, 179, 547
What are the prime factors of 282529?
13, 103, 211
What are the prime factors of 4979636?
2, 1244909
What are the prime factors of 1583740?
2, 5, 79187
List the prime factors of 2553627.
3, 851209
What are the prime factors of 4542331?
4542331
What are the prime factors of 6149920?
2, 5, 7, 17, 19
List the prime factors of 136455.
3, 5, 11, 827
What are the prime factors of 82995?
3, 5, 11, 503
List the prime factors of 1530578.
2, 7, 17, 59, 109
List the prime factors of 713735.
5, 11, 19, 683
List the prime factors of 213471.
3, 23719
What are the prime factors of 1236010?
2, 5, 123601
What are the prime factors of 1024488?
2, 3, 17, 31
List the prime factors of 21410364.
2, 3, 41, 43517
What are the prime factors of 184524?
2, 3, 15377
List the prime factors of 3646972.
2, 7, 23, 809
List the prime factors of 102811.
102811
What are the prime factors of 3681413?
3681413
What are the prime factors of 714354?
2, 3, 67, 1777
List the prime factors of 15132236.
2, 7, 540437
List the prime factors of 127327.
157, 811
What are the prime factors of 263474?
2, 103, 1279
List the prime factors of 214217.
17, 12601
List the prime factors of 10505622.
2, 3, 1750937
What are the prime factors of 7901226?
2, 3, 17, 19, 151
List the prime factors of 363323.
421, 863
List the prime factors of 5960496.
2, 3, 23, 5399
List the prime factors of 2213412.
2, 3, 67, 2753
List the prime factors of 1921137.
3, 41, 15619
What are the prime factors of 3287959?
3287959
What are the prime factors of 61881?
3, 20627
What are the prime factors of 4422409?
4422409
List the prime factors of 299986.
2, 149993
What are the prime factors of 58069?
11, 5279
List the prime factors of 559290.
2, 3, 5, 103, 181
What are the prime factors of 173212?
2, 13, 3331
List the prime factors of 2099789.
17, 123517
List the prime factors of 8011757.
13, 616289
What are the prime factors of 901651?
157, 5743
List the prime factors of 2944562.
2, 503, 2927
What are the prime factors of 203368?
2, 11, 2311
List the prime factors of 1982926.
2, 11, 173, 521
List the prime factors of 2809079.
7, 13, 30869
What are the prime factors of 59168?
2, 43
List the prime factors of 75121.
43, 1747
List the prime factors of 56902.
2, 23, 1237
What are the prime factors of 2332766?
2, 1166383
List the prime factors of 2659183.
19, 173, 809
What are the prime factors of 209387?
41, 5107
List the prime factors of 96195.
3, 5, 11, 53
List the prime factors of 126782.
2, 63391
What are the prime factors of 501669?
3, 7, 7963
What are the prime factors of 654459?
3, 13, 97, 173
List the prime factors of 728331.
3, 17, 14281
What are the prime factors of 1165620?
2, 3, 5, 19427
What are the prime factors of 3555262?
2, 293, 6067
What are the prime factors of 2667202?
2, 1333601
List the prime factors of 18116163.
3, 13, 51613
What are the prime factors of 188697?
3, 31, 2029
What are the prime factors of 7627215?
3, 5, 499, 1019
What are the prime factors of 478132?
2, 119533
What are the prime factors of 5180958?
2, 3, 19, 15149
List the prime factors of 1193664.
2, 3, 6217
List the prime factors of 129380.
2, 5, 6469
List the prime factors of 459494.
2, 7, 23, 1427
List the prime factors of 159212.
2, 53, 751
List the prime factors of 86988.
2, 3, 11, 659
List the prime factors of 7425627.
3, 11, 43, 5233
What are the prime factors of 453352?
2, 61, 929
What are the prime factors of 1285850?
2, 5, 25717
List the prime factors of 1494412.
2, 47, 7949
List the prime factors of 1038371.
47, 22093
List the prime factors of 190581.
3, 63527
List the prime factors of 331521.
3, 59, 1873
What are the prime factors of 2457644?
2, 7, 12539
List the prime factors of 673611.
3, 151, 1487
List the prime factors of 27538033.
727, 37879
List the prime factors of 982305.
3, 5, 83, 263
List the prime factors of 60884.
2, 31, 491
List the prime factors of 682327.
682327
What are the prime factors of 11896561?
619, 19219
What are the prime factors of 132856?
2, 16607
What are the prime factors of 604788?
2, 3, 101, 499
List the prime factors of 322744.
2, 40343
List the prime factors of 1065233.
13, 67, 1223
List the prime factors of 252560.
2, 5, 7, 11, 41
What are the prime factors of 37110?
2, 3, 5, 1237
What are the prime factors of 1567797?
3, 7, 11, 617
What are the prime factors of 914834?
2, 29, 15773
What are the prime factors of 885669?
3, 37, 79, 101
List the prime factors of 5508162.
2, 3, 11, 281
What are the prime factors of 4744781?
73, 64997
List the prime factors of 8927569.
7, 1013, 1259
List the prime factors of 1447370.
2, 5, 144737
What are the prime factors of 167276?
2, 19, 31, 71
List the prime factors of 2367219.
3, 313, 2521
List the prime factors of 677178.
2, 3, 17, 2213
What are the prime factors of 28778?
2, 14389
What are the prime factors of 362656?
2, 7, 1619
What are the prime factors of 5164698?
2, 3, 7, 11, 1597
What are the prime factors of 151739?
7, 53, 409
List the prime factors of 1064957.
1064957
What are the prime factors of 292194?
2, 3, 7, 773
List the prime factors of 202920.
2, 3, 5, 19, 89
What are the prime factors of 176856?
2, 3, 7369
What are the prime factors of 232684?
2, 58171
List the prime factors of 6744623.
41, 164503
List the prime factors of 22888000.
2, 5, 2861
List the prime factors of 1081897.
17, 23, 2767
What are the prime factors of 2590139?
2590139
List the prime factors of 71776.
2, 2243
List the prime factors of 28323159.
3, 79, 127, 941
What are the prime factors of 334342?
2, 349, 479
What are the prime factors of 257709?
3, 85903
List the prime factors of 3130125.
3, 5, 17, 491
List the prime factors of 122089.
11, 1009
List the prime factors of 1904031.
3, 211559
List the prime factors of 6230219.
373, 16703
What are the prime factors of 18878531?
7, 229, 11777
List the prime factors of 159255.
3, 5, 3539
List the prime factors of 101586.
2, 3, 16931
What are the prime factors of 608796?
2, 3, 1879
List the prime factors of 824799.
3, 211, 1303
List the prime factors of 91382.
2, 45691
List the prime factors of 497959.
7, 11, 29, 223
What are the prime factors of 1413731?
11, 128521
List the prime factors of 22149556.
2, 11, 13, 38723
What are the prime factors of 343967?
13, 26459
List the prime factors of 542603.
542603
What are the prime factors of 2789708?
2, 53, 13159
List the prime factors of 790585.
5, 17, 71, 131
What are the prime factors of 1684996?
2, 19, 22171
List 